x + h - 2, 3*h = -3. Let z(i) = i - 14. Give z(x).
-14
Let n(c) be the third derivative of c**5/60 - c**4/8 - c**3/2 + c**2. Let u(a) = a**2 + 3*a. Let o be u(-4). Calculate n(o).
1
Let p(h) be the second derivative of h**4/12 + 5*h**3/6 - 2*h**2 - 22*h. Give p(-5).
-4
Let z(w) = w + 5. Let g(k) = k**2 + 3*k - 1. Let p be g(-4). Let s = 3 - p. What is z(s)?
5
Let y(z) be the third derivative of 0*z + z**2 + 0 + 0*z**5 + 0*z**4 - 1/45*z**6 + 1/3*z**3. Let j(h) be the first derivative of y(h). Give j(-1).
-8
Let z(r) = 4*r**3 - 2*r**3 + 27*r**2 - 26*r**2. Determine z(1).
3
Let x(s) = -2*s**3 - 3*s**2 - s. Let b(n) = n**2 - 6*n - 6. Let r be b(7). Suppose l + r = -1. Calculate x(l).
6
Let m(a) = -a**2 + a. Let t(j) = j**2 - 7*j - 8. Let r be t(8). Suppose d + 2 = -r*d. Give m(d).
-6
Let d be ((-56)/14)/(-2*1). Suppose -d*p = -7*p. Let g(r) be the first derivative of -r**4/4 + 4*r + 1. Determine g(p).
4
Let u(d) be the third derivative of -7*d**4/24 - 51*d**2. Give u(1).
-7
Let r(s) = -s - 3. Suppose -2*p + 6 = 2*b, p + 6 = -0*b - 4*b. Let w(q) = -q + 9. Let j be w(p). Give r(j).
-6
Let w = 47 + -41. Let b(k) = -k**2 + 7*k + 4. Give b(w).
10
Let y(q) = -3*q - 1. Let c(v) = v**2 - 4. Let a be c(-2). Suppose a = -k + 2 - 1. Calculate y(k).
-4
Let b be 52/3 + 22/33. Suppose -16*r - b = -13*r. Let d(q) = q**2 + 7*q - 3. Calculate d(r).
-9
Let g(v) = -4*v + 13. Let h(k) = -3*k + 12. Let l(y) = -6*g(y) + 7*h(y). Calculate l(-4).
-6
Let w(q) = 3*q - 1. Let b = -21 + 11. Let r = b + 7. Calculate w(r).
-10
Let i(t) be the second derivative of -7*t**5/20 + t**3/6 + t. Let z be 12/3 + 9/(-3). Calculate i(z).
-6
Let t(j) = -2 - j**2 + 2. Let a(c) = -8*c**2 + 7*c + 9. Let w(l) = a(l) - 2*t(l). Let h(q) = 5*q**2 - 6*q - 8. Let u(x) = -7*h(x) - 6*w(x). Give u(2).
6
Let u(x) = -x**2 + 4*x. Let t be u(3). Let m(r) = -9*r**2 + 29*r - 19. Let h(c) = 4*c**2 - 14*c + 10. Let o(z) = t*m(z) + 7*h(z). Give o(9).
-5
Let z = 27 + -8. Suppose -5*r = x + z, 4*r - 3*x + x = -18. Let p(n) = n**3 + 5*n**2 + 4*n - 1. Calculate p(r).
-1
Suppose 5*z + 2*y = 9, 0*y + 4 = 2*y. Let k(o) = 2*o - 1. What is k(z)?
1
Let m(b) = b**2. Let f(n) = n**2 - 3*n - 11. Let h be f(5). What is m(h)?
1
Suppose -86 = -16*j + 10. Let o(b) = b**2 - 7*b - 3. Calculate o(j).
-9
Let q(b) = -3*b**3 - 16*b**2 - 13*b. Let u(d) = 10*d**3 + 49*d**2 + 39*d. Let i(z) = -7*q(z) - 2*u(z). Calculate i(-13).
0
Let a(w) be the first derivative of 1/3*w**3 - 1 + 4*w - 3*w**2. Let y = -20 - -25. What is a(y)?
-1
Let v(r) = -r**2 - 9*r + 10. Suppose -10*o + 21*o + 99 = 0. What is v(o)?
10
Let d(k) = k**2 - k + 1. Let v(x) = x**2 - x + 1. Let b be v(0). Determine d(b).
1
Let s(y) = -3 - y**2 + 197*y**3 + 5*y + 3*y**2 - 196*y**3 + 5*y**2. What is s(-6)?
3
Let f = -3 - -3. Suppose 3*s = -3, -2*q + 3*s + 7 = -f*s. Let v(x) = -x + 1. What is v(q)?
-1
Let i be (-6 - 0)/(15/(-10)). Let m = i + 0. Suppose -4 = m*z + 12. Let r(q) = q**2 + 5*q + 3. Calculate r(z).
-1
Suppose 0 = 3*h + 2*h - 35. Let g = h + -4. Suppose -2 + 5 = g*k. Let n(x) = 6*x. What is n(k)?
6
Let f(a) = -a**2 - 4*a + 2. Let r be 2/(4 + (-110)/25). What is f(r)?
-3
Suppose 5 + 0 = 5*a. Let k = -4 + a. Let q(m) = -m**2 - 5*m + 3. Calculate q(k).
9
Suppose 21 = 4*u + 5. Let o(r) = -3*r**3 - r**2 + 4*r + 9. Let v(y) = -2*y**3 - 2*y**2 + 4*y + 8. Let z(j) = -3*o(j) + 4*v(j). Determine z(u).
5
Let r(l) = -l**3 + l**2. Suppose 1 + 3 = -4*o. Let u = -2 - o. Give r(u).
2
Let h(w) = -w**3 + w**2 - w + 3. Let s(i) = -i - 2. Let j be s(7). Let k be j/(-6)*2/3. Let t = 1 - k. Determine h(t).
3
Let p(m) = 6*m**2 + 1. Let d(u) = 25*u**2 + 5. Let b(g) = 2*d(g) - 9*p(g). What is b(-1)?
-3
Let h be (-2 - 1)*4/(-6). Let f(t) be the third derivative of 1/120*t**6 - t**2 + 0*t**3 - 1/60*t**5 + 0 + 0*t + 1/12*t**4. Calculate f(h).
8
Suppose 4*i = 4, 3*v = 2*i + 9 - 2. Suppose c = -v*c. Let j(l) = 4*l**3 - 7 + 2*l**3 - 6*l**2 + 5*l**2 - 5*l**3. What is j(c)?
-7
Let x = 10 - 10. Suppose x = -4*d - d. Let k = -2 + d. Let n(z) = 3*z + 2. Calculate n(k).
-4
Let c(o) = -o**2 + 6*o - 6. Suppose 0 = -2*k + 3*k + 8. Let u be (k/(-6))/((-6)/9). Let v be (-4)/u + -2 + 5. Give c(v).
-1
Let g(w) = w**3 - 5*w**2 + 5*w - 3. Let i be ((-33)/(-6))/((-2)/4). Suppose -x = -3*x - 14. Let o = x - i. What is g(o)?
1
Let x(a) = -161 - a**2 + 2*a**2 + 158 + a. Determine x(3).
9
Let z = 16 - -3. Suppose 2*y - 7 = 5*s + z, s - 2 = -2*y. Let r = s - -7. Let j(n) = -n**3 + 3*n**2 - n - 1. What is j(r)?
-4
Let u(s) be the second derivative of s**8/6720 + s**7/630 - s**5/60 + 2*s**4/3 + 5*s. Let r(l) be the third derivative of u(l). Calculate r(-2).
6
Suppose -w = 4*w - r - 8, 4*w = -r + 10. Let z(d) = -d**2 - 7*d + 5 + w*d**2 + 5 - 3. Determine z(5).
-3
Let l(q) be the first derivative of -q**3/3 + 3*q**2/2 + 2*q + 1. Suppose n - 5 = -j, -5*n - 4*j = -10 - 12. Let f be 1 - 1*(-2)/n. Calculate l(f).
4
Suppose -9*m + 12 = -13*m. Let f(s) = s - 1. Give f(m).
-4
Let k(j) = 0 - 2 - 8*j**2 - j**3 + j**2. Give k(-7).
-2
Let m(c) = -2*c**3 - 3*c**2 - 3*c - 1. Let w(b) = -b. Let r be w(2). Determine m(r).
9
Let g(a) = -1 + a + a - 3 + 3. Calculate g(-2).
-5
Let b(y) = y**2 - 1. Let v be b(-2). Suppose -2*t - 4 = -z, 0 = 2*z + v*z - 2*t - 12. Let j(h) = 0 - 2 - 2 + h**z + 5. Determine j(0).
1
Suppose 0 = 3*w + 2*q + 12, -5*w + 3*q + 5 = -3*w. Let o(h) be the third derivative of -h**5/20 - h**4/12 + h**3/3 - h**2. What is o(w)?
-6
Let o be 84/16 + 2/(-8). Let n(v) = 6*v**2 + 4. Let q(u) = -7*u**2 - u - 5. Let w(d) = -6*n(d) - 5*q(d). Give w(o).
1
Suppose 6*q + 2 = 4*q. Let u(d) = -2 + 3 - 6*d + d + 7*d. Calculate u(q).
-1
Suppose -3*r + r + 2 = 0. Let v(z) be the third derivative of -z**5/15 - z**2. Determine v(r).
-4
Let f(c) = -c**2 - 3*c - 4. Let g(b) = 2*b + 3. Let q(d) = 2*f(d) + 3*g(d). Calculate q(-2).
-7
Let o(w) = w**2 + 5*w - 8. Let i be o(-7). Let u(h) = -5 + i + 5 + h**2 - 5*h. Let k be (-2)/(-1 + (-2)/(-4)). Determine u(k).
2
Let i(g) = -2*g**2 + 4*g - 2. Let h(x) = 3*x**2 - 5*x + 2. Let k(c) = 3*h(c) + 4*i(c). Calculate k(2).
4
Suppose -4*h + 2*h = 0. Let z(r) = 0*r + 5 + h - 3 + r. Give z(2).
4
Suppose -4 = -2*z, 5 + 3 = 4*u - 2*z. Let j(h) = h**3 - 2*h**2 - h - 3. Let l be j(u). Let a be -1 + 0 + l + -5. Let m(i) = 2*i**2 + 4*i - 1. What is m(a)?
5
Let j(f) be the third derivative of f**4/12 - 4*f**3/3 - 9*f**2. Determine j(6).
4
Let l(q) = q**2 + 1. Suppose 26 = -5*s + 21. Determine l(s).
2
Let d be 6 - ((-15)/(-12) - 6/(-8)). Let u(o) = -o**3 + 4*o**2 + 3*o - 1. Determine u(d).
11
Let l(j) = j**3 - 4*j**2 - 5*j + 4. Let m be (-5 - 0)*3/(-3). Suppose 0 = -3*g - 3*d + 24, -4*g - 2*d - m = -9*g. Suppose -r + 20 = g*r. Calculate l(r).
4
Let y(o) = 3*o - 4. Suppose -16 = 4*j - 4*c, 0*j - 4*j + 5*c = 17. Let l = j + 6. Determine y(l).
5
Let l(x) = -x**3 + 7*x**2 - 4*x - 2. Let r be 8/(-28) - (-5)/(-7). Let c(q) = -q**2 + q. Let v(a) = r*l(a) - c(a). Let w be (2/4)/(1/10). Give v(w).
-8
Suppose z + 8 = 2*h, -4*h + 14 = h - 4*z. Let a(b) = b**2 - 7*b + 2. Determine a(h).
-4
Suppose 0 = 2*f + 1 + 1. Let k = 0 + f. Let l be -2 + (-9)/(-3) + k. Let a(g) = g**3 - g**2 + 9. Determine a(l).
9
Let g(u) = 2*u + 6. Let w(p) = -5*p**2 + 1. Let b(f) = -f + 1. Let s be b(2). Let h be w(s). Determine g(h).
-2
Suppose -2*o - 2 = -3*a - o, 5*a - 14 = -o. Let f(b) be the second derivative of 2*b - 5/12*b**4 + 1/20*b**5 + 0 + 1/2*b**3 + b**a. Determine f(4).
-2
Let i(f) = 5*f - 1. Let z(o) be the first derivative of o**2/2 + 2. Let t(n) = -i(n) + 6*z(n). What is t(-3)?
-2
Suppose -5*q = f + 15, -4*q + 5*q + 3 = 0. Suppose -4*b = -f*b. Let m(x) be the third derivative of x**5/60 + x**4/24 - 7*x**3/6 - x**2. Give m(b).
-7
Let p(f) = -f. Let m(w) = -w**3 + w**2 - 4. Let q be m(0). Give p(q).
4
Let l be (-1)/((8/(-42))/(-4)). Let q be 1/(-7) + (-3)/l. Suppose 3*d = 4*w - 8, 0*d - d = q. Let u(v) = v**3 - 5*v**2 + 4*v - 2. What is u(w)?
-6
Let a(l) = l**3 + 3*l**2 - 4*l - 1. Let h(t) = -t**3 + 5*t - 3 + 0*t**3 - 1 - 15*t - 11*t**2. Let s be h(-10). Give a(s).
-1
Let z(x) = 4*x + 6. Let v(n) = 11*n + 17. Let o = -4 + 7. Let p(s) = o*v(s) - 8*z(s). Calculate p(3).
6
Let h(y) = y**3 + 3*y**2 - 3*y + 5. Let r be h(-4). Let c(v) = v**3 + 3*v**2 - 7*v**2 + r - v - v. Calculate c(4).
-7
Let x be -6 + 5 + 4/1. Let r(j) be the second 